usands digit of 202116?
2
What is the units digit of 538256?
6
What is the hundred thousands digit of 563091?
5
What is the units digit of 37420?
0
What is the hundred thousands digit of 10340844?
3
What is the thousands digit of 206425?
6
What is the hundreds digit of 426375?
3
What is the hundred thousands digit of 434407?
4
What is the millions digit of 12014639?
2
What is the tens digit of 22069284?
8
What is the units digit of 1794539?
9
What is the ten thousands digit of 100476?
0
What is the units digit of 155234?
4
What is the hundred thousands digit of 1343081?
3
What is the tens digit of 383702?
0
What is the hundred thousands digit of 17928787?
9
What is the hundreds digit of 2822290?
2
What is the hundred thousands digit of 563000?
5
What is the tens digit of 422142?
4
What is the thousands digit of 383158?
3
What is the hundreds digit of 17365625?
6
What is the hundreds digit of 349343?
3
What is the ten thousands digit of 7268040?
6
What is the units digit of 468354?
4
What is the tens digit of 1731098?
9
What is the hundred thousands digit of 2840795?
8
What is the hundred thousands digit of 1018501?
0
What is the ten thousands digit of 334896?
3
What is the ten thousands digit of 1010508?
1
What is the hundred thousands digit of 416073?
4
What is the hundred thousands digit of 910485?
9
What is the hundreds digit of 1633757?
7
What is the thousands digit of 363122?
3
What is the tens digit of 2389394?
9
What is the hundred thousands digit of 275453?
2
What is the hundreds digit of 1993879?
8
What is the ten thousands digit of 183098?
8
What is the hundreds digit of 1831292?
2
What is the units digit of 16732129?
9
What is the hundred thousands digit of 358009?
3
What is the thousands digit of 349505?
9
What is the tens digit of 78538?
3
What is the ten millions digit of 18787862?
1
What is the hundred thousands digit of 287083?
2
What is the units digit of 12608464?
4
What is the tens digit of 1770804?
0
What is the ten thousands digit of 1557870?
5
What is the units digit of 5918590?
0
What is the thousands digit of 66851?
6
What is the tens digit of 10835544?
4
What is the units digit of 352315?
5
What is the millions digit of 9413684?
9
What is the hundred thousands digit of 10073115?
0
What is the hundreds digit of 1646929?
9
What is the hundreds digit of 2522307?
3
What is the hundred thousands digit of 124926?
1
What is the hundred thousands digit of 617217?
6
What is the tens digit of 8577862?
6
What is the tens digit of 80409?
0
What is the thousands digit of 63893?
3
What is the thousands digit of 74678?
4
What is the ten thousands digit of 37525?
3
What is the millions digit of 1065818?
1
What is the ten millions digit of 16087048?
1
What is the units digit of 22881502?
2
What is the tens digit of 17025904?
0
What is the thousands digit of 3562964?
2
What is the ten thousands digit of 843992?
4
What is the units digit of 4048792?
2
What is the tens digit of 1775374?
7
What is the hundreds digit of 6038349?
3
What is the tens digit of 194753?
5
What is the thousands digit of 4593?
4
What is the units digit of 1543586?
6
What is the tens digit of 3956904?
0
What is the ten thousands digit of 3461691?
6
What is the thousands digit of 291691?
1
What is the hundred thousands digit of 202780?
2
What is the hundred thousands digit of 178692?
1
What is the hundred thousands digit of 358394?
3
What is the hundreds digit of 9169251?
2
What is the tens digit of 2314485?
8
What is the tens digit of 2449332?
3
What is the thousands digit of 318528?
8
What is the millions digit of 8199735?
8
What is the ten thousands digit of 10555911?
5
What is the tens digit of 4736193?
9
What is the ten thousands digit of 591586?
9
What is the ten thousands digit of 653531?
5
What is the hundreds digit of 83433?
4
What is the ten thousands digit of 341218?
4
What is the ten thousands digit of 1904683?
0
What is the tens digit of 4494035?
3
What is the millions digit of 1689108?
1
What is the millions digit of 7691190?
7
What is the hundred thousands digit of 3988648?
9
What is the hundred thousands digit of 1305734?
3
What is the hundred thousands digit of 456132?
4
What is the units digit of 6572649?
9
What is the hundreds digit of 342441?
4
What is the millions digit of 25336843?
5
What is the ten thousands digit of 3041079?
4
What is the hundred thousands digit of 15688352?
6
What is the ten thousands digit of 1527382?
2
What is the millions digit of 2154154?
2
What is the units digit of 35271760?
0
What is the ten thousands digit of 3149729?
4
What is the thousands digit of 5008160?
8
What is the hundred thousands digit of 1250021?
2
What is the tens digit of 11470643?
4
What is the ten thousands digit of 355959?
5
What is the thousands digit of 12452003?
2
What is the hundred thousands digit of 15570478?
5
What is the ten thousands digit of 22097181?
9
What is the tens digit of 325471?
7
What is the tens digit of 314035?
3
What is the thousands digit of 2855685?
5
What is the hundreds digit of 557437?
4
What is the ten thousands digit of 11694372?
9
What is the tens digit of 8691199?
9
What is the hundreds digit of 5677705?
7
What is the tens digit of 665409?
0
What is the ten thousands digit of 19789556?
8
What is the tens digit of 849828?
2
What is the hundred thousands digit of 308893?
3
What is the hundreds digit of 11357868?
8
What is the units digit of 8849?
9
What is the tens digit of 793927?
2
What is the hundred thousands digit of 17523538?
5
What is the ten thousands digit of 746228?
4
What is the ten thousands digit of 21220406?
2
What is the hundred thousands digit of 207480?
2
What is the units digit of 624098?
8
What is the thousands digit of 31129694?
9
What is the hundreds digit of 246791?
7
What is the hundred thousands digit of 679084?
6
What is the hundreds digit of 87483?
4
What is the ten thousands digit of 24497772?
9
What is the hundreds digit of 332932?
9
What is the ten thousands digit of 390561?
9
What is the units digit of 39587?
7
What is the ten thousands digit of 9003546?
0
What is the hundred thousands digit of 232823?
2
What is the hundreds digit of 605844?
8
What is the tens digit of 8214416?
1
What is the units digit of 15826605?
5
What is the thousands digit of 19677731?
7
What is the thousands digit of 3408387?
8
What is the ten thousands digit of 414771?
1
What is the units digit of 376733?
3
What is the tens digit of 82742?
4
What is the hundred thousands digit of 338590?
3
What is the hundred thousands digit of 1252139?
2
What is the tens digit of 3085169?
6
What is the thousands digit of 2600662?
0
What is the hundreds digit of 358165?
1
What is the hundred thousands digit of 1678167?
6
What is the millions digit of 1165925?
1
What is the tens digit of 577833?
3
What is the units digit of 2885037?
7
What is the units digit of 206442?
2
What is the thousands digit of 17512606?
2
What is the thousands digit of 20637079?
7
What is the tens digit of 95093?
9
What is the units digit of 9763794?
4
What is the ten millions digit of 24559732?
2
What is the tens digit of 3784193?
9
What is the thousands digit of 593675?
3
What is the hundred thousands digit of 3693624?
6
What is the hundreds digit of 471094?
0
What is the hundred thousands digit of 3039790?
0
What is the millions digit of 2501383?
2
What is the ten millions digit of 11188587?
1
What is the ten thousands digit of 61808?
6
What is the thousands digit of 11767738?
7
What is the hundreds digit of 3489852?
8
What is the tens digit of 172047?
4
What is the millions digit of 2614906?
2
What is the thousands digit of 189186?
9
What is the ten thousands digit of 310692?
1
What is the thousands digit of 810724?
0
What is the units digit of 2794364?
4
What is the thousands digit of 503645?
3
What is the thousands digit of 259217?
9
What is the tens digit of 71941?
4
What is the thousands digit of 971750?
1
What is the ten thousands digit of 22394786?
9
What is the units digit of 20037804?
4
What is the tens digit of 2579755?
5
What is the units digit of 164214?
4
What is the ten thousands digit of 320577?
2
What is the units digit of 13022031?
1
What is the hundreds digit of 8456981?
9
What is the tens digit of 887165?
6
What is the tens digit of 17